{"id":77,"date":"2024-09-07T11:30:00","date_gmt":"2024-09-07T11:30:00","guid":{"rendered":"https:\/\/yourjob.ba\/?page_id=77"},"modified":"2025-05-27T10:53:42","modified_gmt":"2025-05-27T10:53:42","slug":"vijesti-2","status":"publish","type":"page","link":"https:\/\/yourjob.ba\/index.php\/vijesti-2\/","title":{"rendered":"Vijesti"},"content":{"rendered":"\n<div class=\"wp-block-group alignfull is-layout-constrained wp-container-core-group-is-layout-43e22029 wp-block-group-is-layout-constrained\" style=\"margin-top:0px;margin-bottom:0px;padding-top:64px;padding-bottom:64px\">\n<div class=\"wp-block-query alignwide is-layout-flow wp-block-query-is-layout-flow\"><ul class=\"wp-block-post-template is-layout-flow wp-block-post-template-is-layout-flow\"><li class=\"wp-block-post post-144 post type-post status-publish format-standard hentry category-vijesti tag-vijesti\">\n\n<div class=\"wp-block-columns is-layout-flex wp-container-core-columns-is-layout-cf04755a wp-block-columns-is-layout-flex\" style=\"padding-top:0;padding-right:0;padding-bottom:0;padding-left:0\">\n<div class=\"wp-block-column is-layout-flow wp-block-column-is-layout-flow\" style=\"flex-basis:50%\"><\/div>\n\n\n\n<div class=\"wp-block-column is-vertically-aligned-center is-layout-flow wp-block-column-is-layout-flow\" style=\"padding-top:32px;padding-right:32px;padding-bottom:32px;padding-left:32px;flex-basis:50%\"><div class=\"wp-block-post-date__modified-date has-text-align-left wp-block-post-date has-small-font-size\"><time datetime=\"2025-05-27T10:52:11+00:00\"><a href=\"https:\/\/yourjob.ba\/index.php\/2024\/11\/22\/vijesti\/\">May 27, 2025<\/a><\/time><\/div>\n\n<h2 class=\"has-text-align-left wp-block-post-title\"><a href=\"https:\/\/yourjob.ba\/index.php\/2024\/11\/22\/vijesti\/\" target=\"_self\" >JAVNI POZIV MLADIMA!\u00a0<\/a><\/h2>\n\n<div class=\"has-text-align-left has-link-color wp-elements-634243e2ed3429c5256f684da8c2180d wp-block-post-excerpt has-normal-font-size\"><p class=\"wp-block-post-excerpt__excerpt\">OP\u0106E INFORMACIJE Caritas Bosne i Hercegovine i Socijalno-edukativni centar, u partnerstvu s Impakt Fondacijom, u okviru projekta&nbsp;Potpora zapo\u0161ljivosti i mogu\u0107nostima zapo\u0161ljavanja mladih \u2013 Your Job, a koji se provodi u okviru projekta EUzaZapo\u0161ljavanje uz podr\u0161ku Europske unije i \u0160vedske, i kojeg realizira Me\u0111unarodna organizacija rada u BiH, poziva sve zainteresirane&nbsp;nezaposlene mlade u dobi od 18-29<\/p><p class=\"wp-block-post-excerpt__more-text\"><a class=\"wp-block-post-excerpt__more-link\" href=\"https:\/\/yourjob.ba\/index.php\/2024\/11\/22\/vijesti\/\">Vi\u0161e&#8230;<\/a><\/p><\/div><\/div>\n<\/div>\n\n<\/li><li class=\"wp-block-post post-129 post type-post status-publish format-standard hentry category-vijesti tag-vijesti\">\n\n<div class=\"wp-block-columns is-layout-flex wp-container-core-columns-is-layout-cf04755a wp-block-columns-is-layout-flex\" style=\"padding-top:0;padding-right:0;padding-bottom:0;padding-left:0\">\n<div class=\"wp-block-column is-layout-flow wp-block-column-is-layout-flow\" style=\"flex-basis:50%\"><\/div>\n\n\n\n<div class=\"wp-block-column is-vertically-aligned-center is-layout-flow wp-block-column-is-layout-flow\" style=\"padding-top:32px;padding-right:32px;padding-bottom:32px;padding-left:32px;flex-basis:50%\"><div class=\"wp-block-post-date__modified-date has-text-align-left wp-block-post-date has-small-font-size\"><time datetime=\"2025-05-27T10:52:18+00:00\"><a href=\"https:\/\/yourjob.ba\/index.php\/2024\/09\/11\/vijesti-2\/\">May 27, 2025<\/a><\/time><\/div>\n\n<h2 class=\"has-text-align-left wp-block-post-title\"><a href=\"https:\/\/yourjob.ba\/index.php\/2024\/09\/11\/vijesti-2\/\" target=\"_self\" >Partnerski sastanak Mostar<\/a><\/h2>\n\n<div class=\"has-text-align-left has-link-color wp-elements-634243e2ed3429c5256f684da8c2180d wp-block-post-excerpt has-normal-font-size\"><p class=\"wp-block-post-excerpt__excerpt\">Caritas BiH i Caritas Mostar s partnerima organizirali prvi partnerski sastanak projekta za zapo\u0161ljivost mladih koji podr\u017eavaju Europska unija i \u0160vedska U Mostaru je 3. rujna 2024. godine odr\u017ean prvi partnerski sastanak svih dionika projekta Your Job &#8211; Potpora zapo\u0161ljivosti i mogu\u0107nostima zapo\u0161ljavanja mladih. Sastanak je okupio projektne partnere s ciljem dogovora o narednim koracima,<\/p><p class=\"wp-block-post-excerpt__more-text\"><a class=\"wp-block-post-excerpt__more-link\" href=\"https:\/\/yourjob.ba\/index.php\/2024\/09\/11\/vijesti-2\/\">Vi\u0161e&#8230;<\/a><\/p><\/div><\/div>\n<\/div>\n\n<\/li><\/ul>\n\n<\/div>\n<\/div>\n","protected":false},"excerpt":{"rendered":"","protected":false},"author":1,"featured_media":0,"parent":0,"menu_order":0,"comment_status":"closed","ping_status":"closed","template":"","meta":{"footnotes":""},"class_list":["post-77","page","type-page","status-publish","hentry"],"yoast_head":"<!-- This site is optimized with the Yoast SEO plugin v27.5 - https:\/\/yoast.com\/product\/yoast-seo-wordpress\/ -->\n<title>Vijesti - Potpora zapo\u0161ljivosti i mogu\u0107nostima zapo\u0161ljavanja mladih<\/title>\n<meta name=\"robots\" content=\"index, follow, max-snippet:-1, max-image-preview:large, max-video-preview:-1\" \/>\n<link rel=\"canonical\" href=\"https:\/\/yourjob.ba\/index.php\/vijesti-2\/\" \/>\n<meta property=\"og:locale\" content=\"en_US\" \/>\n<meta property=\"og:type\" content=\"article\" \/>\n<meta property=\"og:title\" content=\"Vijesti - Potpora zapo\u0161ljivosti i mogu\u0107nostima zapo\u0161ljavanja mladih\" \/>\n<meta property=\"og:url\" content=\"https:\/\/yourjob.ba\/index.php\/vijesti-2\/\" \/>\n<meta property=\"og:site_name\" content=\"Potpora zapo\u0161ljivosti i mogu\u0107nostima zapo\u0161ljavanja mladih\" \/>\n<meta property=\"article:modified_time\" content=\"2025-05-27T10:53:42+00:00\" \/>\n<meta name=\"twitter:card\" content=\"summary_large_image\" \/>\n<meta name=\"twitter:label1\" content=\"Est. reading time\" \/>\n\t<meta name=\"twitter:data1\" content=\"1 minute\" \/>\n<script type=\"application\/ld+json\" class=\"yoast-schema-graph\">{\"@context\":\"https:\\\/\\\/schema.org\",\"@graph\":[{\"@type\":\"WebPage\",\"@id\":\"https:\\\/\\\/yourjob.ba\\\/index.php\\\/vijesti-2\\\/\",\"url\":\"https:\\\/\\\/yourjob.ba\\\/index.php\\\/vijesti-2\\\/\",\"name\":\"Vijesti - Potpora zapo\u0161ljivosti i mogu\u0107nostima zapo\u0161ljavanja mladih\",\"isPartOf\":{\"@id\":\"https:\\\/\\\/yourjob.ba\\\/#website\"},\"datePublished\":\"2024-09-07T11:30:00+00:00\",\"dateModified\":\"2025-05-27T10:53:42+00:00\",\"breadcrumb\":{\"@id\":\"https:\\\/\\\/yourjob.ba\\\/index.php\\\/vijesti-2\\\/#breadcrumb\"},\"inLanguage\":\"en-US\",\"potentialAction\":[{\"@type\":\"ReadAction\",\"target\":[\"https:\\\/\\\/yourjob.ba\\\/index.php\\\/vijesti-2\\\/\"]}]},{\"@type\":\"BreadcrumbList\",\"@id\":\"https:\\\/\\\/yourjob.ba\\\/index.php\\\/vijesti-2\\\/#breadcrumb\",\"itemListElement\":[{\"@type\":\"ListItem\",\"position\":1,\"name\":\"Home\",\"item\":\"https:\\\/\\\/yourjob.ba\\\/\"},{\"@type\":\"ListItem\",\"position\":2,\"name\":\"Vijesti\"}]},{\"@type\":\"WebSite\",\"@id\":\"https:\\\/\\\/yourjob.ba\\\/#website\",\"url\":\"https:\\\/\\\/yourjob.ba\\\/\",\"name\":\"Potpora zapo\u0161ljivosti i mogu\u0107nostima zapo\u0161ljavanja mladih\",\"description\":\"\",\"publisher\":{\"@id\":\"https:\\\/\\\/yourjob.ba\\\/#organization\"},\"alternateName\":\"YourJob\",\"potentialAction\":[{\"@type\":\"SearchAction\",\"target\":{\"@type\":\"EntryPoint\",\"urlTemplate\":\"https:\\\/\\\/yourjob.ba\\\/?s={search_term_string}\"},\"query-input\":{\"@type\":\"PropertyValueSpecification\",\"valueRequired\":true,\"valueName\":\"search_term_string\"}}],\"inLanguage\":\"en-US\"},{\"@type\":\"Organization\",\"@id\":\"https:\\\/\\\/yourjob.ba\\\/#organization\",\"name\":\"YourJob\",\"url\":\"https:\\\/\\\/yourjob.ba\\\/\",\"logo\":{\"@type\":\"ImageObject\",\"inLanguage\":\"en-US\",\"@id\":\"https:\\\/\\\/yourjob.ba\\\/#\\\/schema\\\/logo\\\/image\\\/\",\"url\":\"https:\\\/\\\/yourjob.ba\\\/wp-content\\\/uploads\\\/2024\\\/09\\\/logo-01.jpg\",\"contentUrl\":\"https:\\\/\\\/yourjob.ba\\\/wp-content\\\/uploads\\\/2024\\\/09\\\/logo-01.jpg\",\"width\":1803,\"height\":673,\"caption\":\"YourJob\"},\"image\":{\"@id\":\"https:\\\/\\\/yourjob.ba\\\/#\\\/schema\\\/logo\\\/image\\\/\"}}]}<\/script>\n<!-- \/ Yoast SEO plugin. -->","yoast_head_json":{"title":"Vijesti - Potpora zapo\u0161ljivosti i mogu\u0107nostima zapo\u0161ljavanja mladih","robots":{"index":"index","follow":"follow","max-snippet":"max-snippet:-1","max-image-preview":"max-image-preview:large","max-video-preview":"max-video-preview:-1"},"canonical":"https:\/\/yourjob.ba\/index.php\/vijesti-2\/","og_locale":"en_US","og_type":"article","og_title":"Vijesti - Potpora zapo\u0161ljivosti i mogu\u0107nostima zapo\u0161ljavanja mladih","og_url":"https:\/\/yourjob.ba\/index.php\/vijesti-2\/","og_site_name":"Potpora zapo\u0161ljivosti i mogu\u0107nostima zapo\u0161ljavanja mladih","article_modified_time":"2025-05-27T10:53:42+00:00","twitter_card":"summary_large_image","twitter_misc":{"Est. reading time":"1 minute"},"schema":{"@context":"https:\/\/schema.org","@graph":[{"@type":"WebPage","@id":"https:\/\/yourjob.ba\/index.php\/vijesti-2\/","url":"https:\/\/yourjob.ba\/index.php\/vijesti-2\/","name":"Vijesti - Potpora zapo\u0161ljivosti i mogu\u0107nostima zapo\u0161ljavanja mladih","isPartOf":{"@id":"https:\/\/yourjob.ba\/#website"},"datePublished":"2024-09-07T11:30:00+00:00","dateModified":"2025-05-27T10:53:42+00:00","breadcrumb":{"@id":"https:\/\/yourjob.ba\/index.php\/vijesti-2\/#breadcrumb"},"inLanguage":"en-US","potentialAction":[{"@type":"ReadAction","target":["https:\/\/yourjob.ba\/index.php\/vijesti-2\/"]}]},{"@type":"BreadcrumbList","@id":"https:\/\/yourjob.ba\/index.php\/vijesti-2\/#breadcrumb","itemListElement":[{"@type":"ListItem","position":1,"name":"Home","item":"https:\/\/yourjob.ba\/"},{"@type":"ListItem","position":2,"name":"Vijesti"}]},{"@type":"WebSite","@id":"https:\/\/yourjob.ba\/#website","url":"https:\/\/yourjob.ba\/","name":"Potpora zapo\u0161ljivosti i mogu\u0107nostima zapo\u0161ljavanja mladih","description":"","publisher":{"@id":"https:\/\/yourjob.ba\/#organization"},"alternateName":"YourJob","potentialAction":[{"@type":"SearchAction","target":{"@type":"EntryPoint","urlTemplate":"https:\/\/yourjob.ba\/?s={search_term_string}"},"query-input":{"@type":"PropertyValueSpecification","valueRequired":true,"valueName":"search_term_string"}}],"inLanguage":"en-US"},{"@type":"Organization","@id":"https:\/\/yourjob.ba\/#organization","name":"YourJob","url":"https:\/\/yourjob.ba\/","logo":{"@type":"ImageObject","inLanguage":"en-US","@id":"https:\/\/yourjob.ba\/#\/schema\/logo\/image\/","url":"https:\/\/yourjob.ba\/wp-content\/uploads\/2024\/09\/logo-01.jpg","contentUrl":"https:\/\/yourjob.ba\/wp-content\/uploads\/2024\/09\/logo-01.jpg","width":1803,"height":673,"caption":"YourJob"},"image":{"@id":"https:\/\/yourjob.ba\/#\/schema\/logo\/image\/"}}]}},"_links":{"self":[{"href":"https:\/\/yourjob.ba\/index.php\/wp-json\/wp\/v2\/pages\/77","targetHints":{"allow":["GET"]}}],"collection":[{"href":"https:\/\/yourjob.ba\/index.php\/wp-json\/wp\/v2\/pages"}],"about":[{"href":"https:\/\/yourjob.ba\/index.php\/wp-json\/wp\/v2\/types\/page"}],"author":[{"embeddable":true,"href":"https:\/\/yourjob.ba\/index.php\/wp-json\/wp\/v2\/users\/1"}],"replies":[{"embeddable":true,"href":"https:\/\/yourjob.ba\/index.php\/wp-json\/wp\/v2\/comments?post=77"}],"version-history":[{"count":10,"href":"https:\/\/yourjob.ba\/index.php\/wp-json\/wp\/v2\/pages\/77\/revisions"}],"predecessor-version":[{"id":189,"href":"https:\/\/yourjob.ba\/index.php\/wp-json\/wp\/v2\/pages\/77\/revisions\/189"}],"wp:attachment":[{"href":"https:\/\/yourjob.ba\/index.php\/wp-json\/wp\/v2\/media?parent=77"}],"curies":[{"name":"wp","href":"https:\/\/api.w.org\/{rel}","templated":true}]}}